**2 + 4*s - 60. What is c(-10)?
0
Let s(l) = -2*l - 57. Calculate s(58).
-173
Let k(h) = -2*h**2 + 111*h - 1538. Calculate k(29).
-1
Let u(v) = -1387*v + 6890. Give u(5).
-45
Let g(b) = -2*b**2 + 41*b - 130. Determine g(20).
-110
Let d(g) = 10*g**2 - 17*g + 3. Give d(4).
95
Let l(x) = 2*x**3 + 285*x**2 + 1906*x + 57. Determine l(-7).
-6
Let s(y) = -8*y**2 + 49*y - 31. What is s(5)?
14
Let o(z) = -6*z**2 + 173*z - 698. Calculate o(4).
-102
Let x(u) = 5*u**2 + 436*u + 973. What is x(-85)?
38
Let i(y) = y**2 + 45*y + 431. What is i(-14)?
-3
Let b(w) = -w**2 - 189*w + 3273. Determine b(16).
-7
Let y(d) = 9*d + 152. Determine y(-35).
-163
Let n(w) = -3*w**2 + 3*w - 20. Determine n(6).
-110
Let f(v) = 2*v**3 - 34*v**2 + 65*v - 75. Determine f(15).
0
Let o(u) = -143*u + 639. Give o(5).
-76
Let w(v) = v**2 - 14*v + 9. Determine w(8).
-39
Let g(w) = 341*w - 705. Calculate g(2).
-23
Let h(t) = t**3 + 8*t**2 - 73*t - 579. Calculate h(-8).
5
Let d(s) = -9*s**2 - 5*s - 2. Give d(-1).
-6
Let x(z) = -3*z**2 - 12*z + 43. Calculate x(-6).
7
Let c(u) = -2*u**2 + 33*u - 89. Determine c(14).
-19
Let h(w) = 2*w**2 + 2056*w - 1. Calculate h(0).
-1
Let r(g) = 19317*g + 173860. Give r(-9).
7
Let d(h) = -15*h**2 - 596*h - 1664. Give d(-3).
-11
Let h(i) = 11426*i + 57120. What is h(-5)?
-10
Let u(z) = z**3 - 18*z**2 + 4*z + 170. Calculate u(18).
242
Let o(d) = -2*d**3 + 85*d**2 + 49*d - 198. Determine o(43).
60
Let j(m) = 4*m**2 + 546*m + 834. What is j(-135)?
24
Let v(z) = z**3 - 17*z**2 - 15*z + 206. Determine v(17).
-49
Let l(j) = -27*j**2 - 699*j + 40. Give l(-26).
-38
Let g(f) = 58*f**2 - 6*f + 5. Give g(1).
57
Let m(b) = 24*b + 64. Give m(-2).
16
Let n(h) = h**3 - 12*h**2 - 25*h + 452. Give n(11).
56
Let b(q) = -2946*q - 20627. What is b(-7)?
-5
Let q(z) = 103*z**2 - 130*z + 130. Determine q(1).
103
Let u(m) = 392*m - 8238. Determine u(21).
-6
Let h(i) = -i**2 - 16*i - 121. What is h(-16)?
-121
Let i(c) = 231*c + 237. Give i(-1).
6
Let k(f) = f**3 + 77*f**2 - 80*f - 164. Determine k(-78).
-8
Let g(z) = z**3 + 4*z**2 - 81*z + 21. What is g(-13)?
-447
Let y(c) = c**2 + 20*c - 8927. Determine y(85).
-2
Let z(v) = 228*v + 1372. What is z(-6)?
4
Let k(p) = 449*p - 12126. Give k(27).
-3
Let f(m) = -m**3 - 16*m**2 - 25*m + 141. What is f(-12)?
-135
Let n(g) = 11*g**2 - 165*g + 611. Determine n(8).
-5
Let u(l) = 2*l**3 - 50*l**2 - 64*l + 278. What is u(26)?
-34
Let b(h) = 10*h + 430. Determine b(-44).
-10
Let c(u) = -2397*u - 57532. Determine c(-24).
-4
Let g(n) = 8*n**3 - 3*n**2 - 34*n - 61. Determine g(-2).
-69
Let w(g) = -g**2 - 98*g - 2027. What is w(-69)?
-26
Let n(o) = -3*o**2 - 28*o - 32. Determine n(-13).
-175
Let m(b) = b**3 - 11*b**2 + 27*b + 8. What is m(7)?
1
Let x(t) = 2*t**2 - 107*t + 1135. Determine x(39).
4
Let k(v) = -v**2 + 25*v - 51. Give k(31).
-237
Let n(s) = -1310*s - 5244. Calculate n(-4).
-4
Let h(p) = p**3 + 23*p**2 + 64*p + 1459. Calculate h(-23).
-13
Let s(k) = -198*k + 32. Determine s(-1).
230
Let l(i) = -i**2 - 151*i + 1953. Give l(12).
-3
Let d(w) = 235*w - 194. Determine d(5).
981
Let v(a) = -24*a + 735. Give v(31).
-9
Let u(l) = -2*l**3 - 26*l**2 - 76*l - 31. Calculate u(-9).
5
Let c(y) = 6*y**3 - 65*y**2 - 43*y + 323. Determine c(11).
-29
Let a(f) = 12*f + 11. Give a(4).
59
Let v(f) = -2*f**2 - 24226*f + 96936. Calculate v(4).
0
Let k(b) = -410*b + 1133. Calculate k(4).
-507
Let m(l) = 1099*l - 9867. Calculate m(9).
24
Let c(d) = 13*d**3 - 3*d**2 + 2*d - 2. Give c(1).
10
Let t(u) = -12*u - 208. What is t(-19)?
20
Let u(m) = m**3 + 17*m**2 + 7*m - 257. Determine u(-16).
-113
Let u(t) = 456*t - 20059. What is u(44)?
5
Let u(f) = -f**3 + 62*f**2 - 236*f + 116. Give u(58).
-116
Let p(n) = 1027*n + 313243. What is p(-305)?
8
Let u(y) = 3250*y + 32497. Determine u(-10).
-3
Let x(c) = -2*c**3 - 7*c**2 + 33*c + 61. Calculate x(-6).
43
Let y(a) = -253*a**2 + 207*a + 2. Determine y(1).
-44
Let n(t) = -894*t + 3619. Calculate n(4).
43
Let o(r) = 2*r - 133. Determine o(-3).
-139
Let g(z) = 2*z**2 + 251*z - 20324. Give g(56).
4
Let w(t) = -t**2 - 321*t + 1644. What is w(5)?
14
Let t(g) = 46*g - 388. Give t(7).
-66
Let f(b) = b**3 - 7*b**2 + 1077*b - 5341. Calculate f(5).
-6
Let c(d) = -d**3 + 79*d**2 + 83*d - 287. Give c(80).
-47
Let n(d) = -56*d - 18. Calculate n(0).
-18
Let y(m) = -3*m**2 + 14*m + 81. Calculate y(8).
1
Let l(p) = p**3 + 4*p**2 - 51*p - 198. Give l(-4).
6
Let a(l) = -l**3 + 19*l**2 + 151*l - 19. What is a(25)?
6
Let v(i) = 2*i**2 + 380*i - 1163. Determine v(3).
-5
Let r(c) = -c**3 + 124*c**2 - 597*c + 233. What is r(119)?
-5
Let z(i) = 495*i + 24253. Determine z(-49).
-2
Let m(v) = 224*v - 2008. What is m(9)?
8
Let w(f) = 104*f + 620. Determine w(-6).
-4
Let f(k) = -2672*k + 16022. Give f(6).
-10
Let d(m) = m**2 - 55*m - 88. Determine d(58).
86
Let i(x) = -2*x**2 - 102*x - 148. Determine i(-49).
48
Let t(v) = 3*v**3 - 14*v**2 + 23*v - 39. Determine t(2).
-25
Let g(o) = -187*o + 1596. What is g(9)?
-87
Let a(v) = 3*v**2 + 637*v - 3806. What is a(6)?
124
Let l(k) = -k**3 - 9*k**2 - 21*k - 36. Calculate l(-6).
-18
Let c(b) = -24*b**2 - 138*b + 13. Give c(-6).
-23
Let n(j) = 2*j**3 - 453*j**2 - 1146*j + 226. What is n(229)?
-3
Let m(b) = -152*b**2 + 178*b - 20. What is m(1)?
6
Let z(y) = -61*y**3 - 180*y**2 + 8*y + 3. What is z(-3)?
6
Let j(o) = -8*o**3 + 2*o**2 - 17*o + 12. Give j(3).
-237
Let p(y) = y**3 + y**2 - 2*y - 116. What is p(0)?
-116
Let h(q) = -2*q**2 - 36*q + 27. Determine h(-14).
139
Let s(g) = g - 205. Give s(-17).
-222
Let c(x) = -622*x + 3783. Determine c(6).
51
Let n(d) = -d**3 - 43*d**2 - 44*d - 51. What is n(-42)?
33
Let f(q) = -9*q + 492. Calculate f(50).
42
Let a(p) = -25*p**2 + 128*p + 34. What is a(7)?
-295
Let s(t) = -2*t**2 - 78*t + 345. Determine s(-43).
1
Let f(x) = x**3 - 17*x**2 - 38*x + 360. What is f(18)?
0
Let w(z) = z**3 - 231*z**2 - 2156*z - 953. Determine w(240).
7
Let k(o) = -47*o**3 + o**2 - 19*o + 42. Calculate k(2).
-368
Let o(b) = 74*b + 1848. What is o(-25)?
-2
Let y(g) = -3*g**2 - 11*g - 11. What is y(2)?
-45
Let a(p) = 2*p**3 + 322*p**2 - 322*p + 315. Give a(-162).
-9
Let x(a) = a**3 + 9*a**2 + 250*a + 1413. What is x(-6)?
21
Let f(y) = 10*y + 192. Calculate f(18).
372
Let k(x) = x**3 + 18*x**2 + 78*x + 27. Determine k(-5).
-38
Let i(b) = -945*b - 17939. Give i(-19).
16
Let d(u) = 2*u**3 + 9*u**2 - 5*u + 38. What is d(-6)?
-40
Let x(b) = -44*b + 1997. Determine x(46).
-27
Let c(p) = -p**3 - 9*p**2 + 33*p + 72. Determine c(-11).
-49
Let w(p) = 2*p**3 - 91*p**2 - 36*p - 424. Calculate w(46).
36
Let w(n) = -n**3 - 47*n**2 - 3*n - 143. Give w(-47).
-2
Let y(t) = t**2 + 27*t - 50. Calculate y(-24).
-122
Let r(s) = -2*s**2 + 128*s - 53. Give r(64).
-53
Let c(v) = -v**3 - 33*v**2 + 23*v - 3. Calculate c(0).
-3
Let r(s) = -s**2 - 19*s + 2. Calculate r(0).
2
Let t(i) = -21*i**2 - 105*i + 285. What is t(2)?
-9
Let f(j) = 12*j**2 - 164*j - 45. What is f(14)?
11
Let d(c) = -c**3 + 22*c**2 + 57*c - 53. Give d(24).
163
Let y(r) = -2*r**3 - 3*r**2 - 20*r - 40. Calculate y(-2).
4
Let m(o) = -2*o**2 - 56*o + 163. Give m(-31).
-23
Let p(o) = -3*o**3 + 18*o**2 - 52*o + 497. Calculate p(8).
-303
Let x(l) = l**2 + 52*l + 565. What is x(-17)?
-30
Let b(p) = -156*p + 7311. What is b(47)?
-21
Let f(g) = -2*g**2 - 5*g + 704. What is f(-20)?
4
Let m(s) = -3*s**2 + 104*s - 781. What is m(10)?
-41
Let a(t) = t**3 + 15*t**2 - 33*t + 377. Determine a(-18).
-1
Let y(v) = -172*v + 4611. Calculate y(26).
139
Let y(g) = 33*g - 194. Determine y(5).
-29
Let a(c) = 18*c + 1327. What is a(-67)?
121
Let f(m) = -4*m**3 + 46*m**2 + 21*m + 32. Determine f(12).
-4
Let b(h) = -50*h - 955. Give b(-19).
-5
Let w(p) = -501*p - 23479. What is w(-47)?
68
Let o(r) = 3*r**2 + 29*r + 106. What is o(-10)?
116
Let y(a) = a**3 + 9*a**2 - 20*a - 51. Determine y(-11).
-73
Let r(i) = -3*i**3 - 132*i**2 + 308*i + 1470. What is r(-46)?
-2
Let a(m) = m**2 + 36*m + 157. Determine a(-5).
2
Let s(t) = -t**3 - 13*t**2 - 39*t - 189. Determine s(-11).
-2
Let y(x) = -78*x - 649. Determine y(-9).
53
Let x(p) = -p**3 + 8*p**2 - 19*p + 19. Calculate x(8).
-133
Let t(f) = -55*f - 292. Give t(-9).
203
Let l(i) = 11*i**2 - 72*i - 381. Determine l(10).
-1
Let v(n) = -n**2 + 52*n + 3865. Give v(93).
52
Let y(z) = -2*z**2 + 34*z + 251. Give y(19).
175
Let d(z) = 35